{"id":32,"date":"2017-08-15T22:58:06","date_gmt":"2017-08-15T22:58:06","guid":{"rendered":"http:\/\/wordpress.strandurlaub.strandurlaub-kolberg.de\/?page_id=32"},"modified":"2020-07-02T21:40:07","modified_gmt":"2020-07-02T21:40:07","slug":"unsere-umgebung","status":"publish","type":"page","link":"https:\/\/strandurlaub-kolberg.de\/?page_id=32","title":{"rendered":"Unsere Umgebung"},"content":{"rendered":"<p><i>Wer die Bezeichnung Kurort h\u00f6rt, denkt zuerst an verstaubt eingerichtete Caf\u00e9s, Moorpackungen, Walzer und \u00abKaffee im K\u00e4nnchen\u00bb. <\/i><\/p>\n<p><b><i>Ko\u0142obrzeg ist ein Kurort&#8230; <\/i><\/b><\/p>\n<p><i>Aber: <\/i><\/p>\n<p><u><b><i>Ko\u0142obrzeg ist anders! <\/i><\/b><\/u><\/p>\n<p>&nbsp;<\/p>\n<p>Kolberg ist eine Lebenslustige Stadt. Kolberg hat eine &#8222;Altstadt&#8220; mit einem ganz eigenen Flair &#8211; die eigentlich gar nicht so alt ist. Eine Stadt, die sich so wieder aus den Ruinen des Zweiten Weltkriegs entwickelt hat, muss Lebenslust haben. Kolberg hat einen beeindruckenden Dom, das von &#8222;Schinkel&#8220; erbaute Rathaus, den alten Holzkanal und das Theater im Wald. Und die lebendige Innenstadt, in der mehr los ist als in mancher Gro\u00dfstadt. Die vielen \u00abangesagten\u00bb Caf\u00e9s, Kneipen und Model\u00e4den. Nat\u00fcrlich gibt es auch jede Menge Strand, Bernstein-Verk\u00e4ufer und nette Landsleute.<\/p>\n<p>Die Kurstadt Kolberg liegt an einem ca. 6 km langen, feinsten Sandstrand und ist mit ca. 1.800 Sonnenstunden im Jahr,\u00a0 die Stadt mit den nahezu meisten Sonnenstunden an der gesamten Ostseek\u00fcste. Damit ist sie f\u00fcr Ihren erholsamen Urlaub bestens geeignet.<\/p>\n<p>Direkt in unmittelbarer n\u00e4he zur Wohnung finden Sie diverse Einkaufsm\u00f6glichkeiten, wie Apotheke, B\u00e4cker, Kiosk, Lebensmittelgesch\u00e4ft, Gartencenter. Ebenfalls in direkter n\u00e4he zur Wohnung gibt es diverse Restaurants und Imbissbuden. Im Geb\u00e4ude selbst ist die Post und eine Bibliothek &#8211; sowie eine Polizeistation untergebracht. Auch ein Fahrradverleih ist in n\u00e4chster N\u00e4he<\/p>\n<p>Die Innenstadt Kolbergs ist ca. 3 km entfernt, der Hafen ca 2,3 km.<\/p>\n<p>Beides ist mit dem Auto oder dem Taxi in maximal 5 Minuten zu erreichen. Taxifahrten in die City kosten ca 17 Z\u0142oty (4,50 Euro), zum Hafen ca. 13,50 Z\u0142oty (3,50 Euro). Der Taxistand ist nur ca. 100m vom Geb\u00e4ude entfernt.<\/p>\n<p>Der Hafen mit dem roten Leuchtturm (Laternia Morska Ko\u0142obrzeg) ist auf jeden Fall einen Besuch Wert. Er kann f\u00fcr kleines Geld (ca. 3 Z\u0142oty &#8211; weniger als ein Euro) bis auf die 26 Meter hohe Aussichtsplattform besichtigt\/bestiegen werden. Dort bietet sich ein wundersch\u00f6ner Blick auf den Hafen mit seinen Ausflugsschiffen und den aufstrebenden Erlebnis- und Vergn\u00fcgungsbereich der Strandpromenade.<\/p>\n<p>In der Innenstadt gibt es unz\u00e4hlige Caf\u00e9s, Restaurants, Souveniershops und Fisch- sowie Eisbuden. Fast \u00fcberall wird in diesen, wie beinahe immer in Ko\u0142obrzeg, Deutsch gesprochen. Deutsche Speisekarten sind fast eine Selbstverst\u00e4ndlichkeit. Ko\u0142obrzeg hat sich mittlerweile zu einem schon beinahe exklusiven Urlaubsziel entwickelt. Die Preise sind aus Sicht deutscher Urlauber allerdings noch sehr, sehr g\u00fcnstig.<\/p>\n<p><i><u><b>Pers\u00f6nliche Empfehlungen:<\/b><\/u><\/i><\/p>\n<p><b><a href=\"http:\/\/www.kolberg-cafe.de\/\" target=\"_blank\" rel=\"noopener\">Kolberg Caf\u00e9<\/a><\/b> &#8211; Sehr sch\u00f6ne Seite mit vielen Informationen zu Kolberg<\/p>\n<p>In der Innenstadt das<b> Caf\u00e9 im Obergeschoss der Galeria Hosso.<\/b><\/p>\n<p>Am<b> Rathaus <\/b>gibt es einen <b>\u00f6ffentlichen HotSpot <\/b>f\u00fcr drahtlosen Internetzugang.<\/p>\n<p>Das Caf\u00e9-Restaurant<b>\u00a0<a href=\"http:\/\/www.winogrona.pl\/domek-kata\/0.html\" target=\"_blank\" rel=\"noopener\">Domek Kata<\/a>\u00a0<\/b>ist ein echter Tipp: ul. Ratuszowa 1, Centrum oder<\/p>\n<p>auch im Hafen auf der ul. Towarowa 16, unter dem Namen: <b><a href=\"http:\/\/www.winogrona.pl\/pod-winogronami\/0.html\" target=\"_blank\" rel=\"noopener\">Pod Winogronami<\/a><\/b><\/p>\n<p>Auch in der n\u00e4heren Umgebung gibt es ein sch\u00f6nes Restaurant: <strong><a href=\"http:\/\/restauracjapolanki.pl\" target=\"_blank\" rel=\"noopener\">Restauracja Polanki<\/a><\/strong>\u00a0ul. Muszelkowa 1E (ca. 10 Minuten zu Fu\u00df)<\/p>\n<p><b><a href=\"http:\/\/www.kolberg-kolobrzeg.de\/\" target=\"_blank\" rel=\"noopener\">Kolberg Caf\u00e9 Forum<\/a><\/b> &#8211; Informieren, Tipps geben, Gespr\u00e4che f\u00fchren<\/p>\n<p>&nbsp;<\/p>\n<p><u>Weiterf\u00fchrende Informationen: <\/u><\/p>\n<p>Die Stadt liegt direkt an der Ostseek\u00fcste und an der M\u00fcndung des Flusses <a href=\"http:\/\/de.wikipedia.org\/wiki\/Persante\" target=\"_blank\" rel=\"noopener\">Persante<\/a> in <a href=\"http:\/\/de.wikipedia.org\/wiki\/Hinterpommern\" target=\"_blank\" rel=\"noopener\">Hinterpommern<\/a>. Das Stadtgebiet erstreckt sich auf ca. 1.800 Hektar. Die Woiwodschaftshauptstadt <a href=\"http:\/\/de.wikipedia.org\/wiki\/Stettin\" target=\"_blank\" rel=\"noopener\">Stettin<\/a> (polnisch <i>Szczecin<\/i>) liegt etwa 150 Kilometer s\u00fcdwestlich von Ko\u0142obrzeg entfernt, zur n\u00e4chsten gr\u00f6\u00dferen Nachbarstadt, <a href=\"http:\/\/de.wikipedia.org\/wiki\/Koszalin\" target=\"_blank\" rel=\"noopener\">Koszalin<\/a> <i>(K\u00f6slin)<\/i>, sind es 41 Kilometer. (Quelle Wikipedia)<\/p>\n<p>Kolberg, das ist in polnisch: Kolobrzeg, die \u00e4lteste aller hinterpommerschen St\u00e4dte, hatte gleich drei gro\u00dfe Vorteile, die die Menschen veranlassten, hier zu siedeln. Kolberg hat einen der wenigen <b>nat\u00fcrlichen H\u00e4fen<\/b> an der langen, pommerschen Ausgleichsk\u00fcste. Kolberg hatte zweitens eine g\u00fcnstige <b>Furt \u00fcber den Fluss<\/b> Persante (polnisch: Parseta) und Kolberg hatte etwas, wonach die Menschen immer strebten. <b>Kolberg hatte das Salz<\/b>. Wo Salz war, da konnte man Fischfang betreiben und den Fisch konservieren &#8211; ein unsch\u00e4tzbarer Vorteil im Mittelalter.<\/p>\n<p>Und in Anlehnung an den Namen Kolbergs als <b>Sole-, Moor- und Seebad<\/b> k\u00f6nnte man auch heute von den drei gro\u00dfen Vorteilen Kolbergs f\u00fcr die Gesundheit seiner Besucher sprechen: Kolberg ist ein Heilbad mit nat\u00fcrlichen <b>Solequellen<\/b>, Kolberg ist ein Bad mit medizinisch wirksamen <b>Mooren<\/b> aus der direkten Nachbarschaft des Ortes und Kolberg ist zum dritten ein Seebad <b>feinstem Sandstrand<\/b>, der seit vielen Jahren tausende an die K\u00fcste lockt. Nicht zu vergessen, dass \u00fcber Kolberg an <b>1800 Stunden im Jahr die Sonne lacht<\/b>, gut f\u00fcr Sie und Ihre Gesundheit.<\/p>\n<p>Wir laden Sie ein, uns in der lebenslustigen Stadt am Ostseestrand zu besuchen.<\/p>\n<p><b>Durchschnittstemperaturen:<\/b><\/p>\n<table border=\"0\" width=\"80%\" cellspacing=\"0\" cellpadding=\"0\" align=\"center\">\n<tbody>\n<tr>\n<td align=\"center\" valign=\"middle\"><b>\u00a0 Monat\u00a0\u00a0<\/b><\/td>\n<td align=\"center\" valign=\"middle\">\u00a0Jan<\/td>\n<td align=\"center\" valign=\"middle\">\u00a0Feb<\/td>\n<td align=\"center\" valign=\"middle\">\u00a0M\u00e4r<\/td>\n<td align=\"center\" valign=\"middle\">\u00a0Apr<\/td>\n<td align=\"center\" valign=\"middle\">\u00a0Mai<\/td>\n<td align=\"center\" valign=\"middle\">\u00a0Juni<\/td>\n<\/tr>\n<tr>\n<td align=\"center\" valign=\"middle\">\u00a0Grad C<\/td>\n<td align=\"center\" valign=\"middle\">\u00a01<\/td>\n<td align=\"center\" valign=\"middle\">\u00a02<\/td>\n<td align=\"center\" valign=\"middle\">\u00a06<\/td>\n<td align=\"center\" valign=\"middle\">\u00a08<\/td>\n<td align=\"center\" valign=\"middle\">\u00a013<\/td>\n<td align=\"center\" valign=\"middle\">\u00a017<\/td>\n<\/tr>\n<\/tbody>\n<\/table>\n<table border=\"0\" width=\"80%\" cellspacing=\"0\" cellpadding=\"0\" align=\"center\">\n<tbody>\n<tr>\n<td align=\"center\" valign=\"middle\">&nbsp;<\/p>\n<p><b>Monat<\/b><\/td>\n<td align=\"center\" valign=\"middle\">&nbsp;<\/p>\n<p>Jul<\/td>\n<td align=\"center\" valign=\"middle\">&nbsp;<\/p>\n<p>Aug<\/td>\n<td align=\"center\" valign=\"middle\">&nbsp;<\/p>\n<p>Sep<\/td>\n<td align=\"center\" valign=\"middle\">&nbsp;<\/p>\n<p>Okt<\/td>\n<td align=\"center\" valign=\"middle\">&nbsp;<\/p>\n<p>Nov<\/td>\n<td align=\"center\" valign=\"middle\">&nbsp;<\/p>\n<p>Dez<\/td>\n<\/tr>\n<tr>\n<td align=\"center\" valign=\"middle\">\u00a0Grad C<\/td>\n<td align=\"center\" valign=\"middle\">\u00a021<\/td>\n<td align=\"center\" valign=\"middle\">\u00a020<\/td>\n<td align=\"center\" valign=\"middle\">\u00a016<\/td>\n<td align=\"center\" valign=\"middle\">\u00a011<\/td>\n<td align=\"center\" valign=\"middle\">\u00a06<\/td>\n<td align=\"center\" valign=\"middle\">\u00a03<\/td>\n<\/tr>\n<\/tbody>\n<\/table>\n<p>Quelle: Weatherbase.com<\/p>\n<h2>Sehensw\u00fcrdigkeiten<\/h2>\n<ul>\n<li><span style=\"color: #333333; font-size: 1rem;\">Budzistowo, dt. <\/span><i style=\"color: #333333; font-size: 1rem;\">Altstadt-Kolberg<\/i><span style=\"color: #333333; font-size: 1rem;\">, ist eine knapp zwei Kilometer s\u00fcdlich des heutigen Stadtzentrums gelegene ehemalige <\/span><a style=\"font-size: 1rem;\" href=\"http:\/\/de.wikipedia.org\/wiki\/Burganlage\" target=\"_blank\" rel=\"noopener\">Burganlage<\/a><a style=\"font-size: 1rem;\" href=\"http:\/\/de.wikipedia.org\/wiki\/Ko%C5%82obrzeg#cite_note-5\">[6]<\/a><span style=\"color: #333333; font-size: 1rem;\"> an der <\/span><a style=\"font-size: 1rem;\" href=\"http:\/\/de.wikipedia.org\/wiki\/Persante\" target=\"_blank\" rel=\"noopener\">Persante<\/a><span style=\"color: #333333; font-size: 1rem;\">, Sehenswert sind die kleine Backsteinkirche St. Johannes (ca. 1222) und ein kleines Schloss.<\/span><\/li>\n<li>Der bis 1945 noch evangelische <a href=\"http:\/\/de.wikipedia.org\/wiki\/Kolberger_Dom\" target=\"_blank\" rel=\"noopener\">Kolberger Dom<\/a>, der erstmals 1316 urkundlich erw\u00e4hnt wurde. Auff\u00e4llig ist der Turm der Backsteinkirche, ein aus urspr\u00fcnglich zwei T\u00fcrmen zusammengemauertes Turmmassiv. Das im Zweiten Weltkrieg stark zerst\u00f6rte Bauwerk wurde nach dem Wiederaufbau in eine katholische Kirche (Marienkirche) umgewandelt und von <a href=\"http:\/\/de.wikipedia.org\/wiki\/Johannes_Paul_II.\" target=\"_blank\" rel=\"noopener\">Papst Johannes Paul II.<\/a> 1986 in den Rang einer Marienbasilika erhoben.<\/li>\n<li>Das <a href=\"http:\/\/de.wikipedia.org\/wiki\/Rathaus\" target=\"_blank\" rel=\"noopener\">Rathaus<\/a>, das 1829 bis 1831 <a href=\"http:\/\/de.wikipedia.org\/wiki\/Ernst_Friedrich_Zwirner\" target=\"_blank\" rel=\"noopener\">Ernst Friedrich Zwirner<\/a> nach einem Entwurf <a href=\"http:\/\/de.wikipedia.org\/wiki\/Karl_Friedrich_Schinkel\" target=\"_blank\" rel=\"noopener\">Karl Friedrich Schinkels\u00a0<\/a>unter Einbeziehung der Reste des 1807 zerst\u00f6rten gotischen Rathaus erbaute. Das 1860 vor dem Rathaus aufgestellte <a href=\"http:\/\/de.wikipedia.org\/wiki\/Denkmal\" target=\"_blank\" rel=\"noopener\">Denkmal<\/a> K\u00f6nig <a href=\"http:\/\/de.wikipedia.org\/wiki\/Friedrich_Wilhelm_III._%28Preu%C3%9Fen%29\" target=\"_blank\" rel=\"noopener\">Friedrich Wilhelm III.<\/a> von <a href=\"http:\/\/de.wikipedia.org\/wiki\/Friedrich_Drake\" target=\"_blank\" rel=\"noopener\">Friedrich Drake<\/a> ist nach 1945 beseitigt worden.<\/li>\n<li>Der <a href=\"http:\/\/de.wikipedia.org\/wiki\/Leuchtturm\" target=\"_blank\" rel=\"noopener\">Leuchtturm<\/a>, der nach dem Zweiten Weltkrieg als eines der ersten Geb\u00e4ude neu erbaut wurde und der heute ein <a href=\"http:\/\/de.wikipedia.org\/wiki\/Wahrzeichen\" target=\"_blank\" rel=\"noopener\">Wahrzeichen<\/a> der Stadt ist. Er befindet sich auf den Resten eines alten <a href=\"http:\/\/de.wikipedia.org\/wiki\/Fort\" target=\"_blank\" rel=\"noopener\">Forts<\/a> zur Verteidigung des Kolberger <a href=\"http:\/\/de.wikipedia.org\/wiki\/Hafen\" target=\"_blank\" rel=\"noopener\">Hafens<\/a>.<\/li>\n<li>Die 220 Meter lange Kolberger <a href=\"http:\/\/de.wikipedia.org\/wiki\/Seebr%C3%BCcke\" target=\"_blank\" rel=\"noopener\">Seebr\u00fccke<\/a>, die die zweitl\u00e4ngste Betonseebr\u00fccke in Polen ist.<\/li>\n<li>Das Museum der polnischen Waffen, in dem unter anderen eine deutsche <a href=\"http:\/\/de.wikipedia.org\/wiki\/Enigma_%28Maschine%29\" target=\"_blank\" rel=\"noopener\">Enigma<\/a> ausgestellt ist.<\/li>\n<li>Das kleine <a href=\"http:\/\/de.wikipedia.org\/wiki\/Stadtmuseum\" target=\"_blank\" rel=\"noopener\">Stadtmuseum<\/a> mit Ausstellung zur Stadtgeschichte Kolbergs.<\/li>\n<li>Von einer kleinen Quelle kann stark salziges <a href=\"http:\/\/de.wikipedia.org\/wiki\/Heilwasser\" target=\"_blank\" rel=\"noopener\">Heilwasser<\/a> selber abgef\u00fcllt werden.<\/li>\n<\/ul>\n<p>(Quelle: Wikipedia)<\/p>\n","protected":false},"excerpt":{"rendered":"<p>Wer die Bezeichnung Kurort h\u00f6rt, denkt zuerst an verstaubt eingerichtete Caf\u00e9s, Moorpackungen, Walzer und \u00abKaffee im K\u00e4nnchen\u00bb. Ko\u0142obrzeg ist ein Kurort&#8230; Aber: Ko\u0142obrzeg ist anders! &nbsp; Kolberg ist eine Lebenslustige [&hellip;]<\/p>\n","protected":false},"author":1,"featured_media":0,"parent":0,"menu_order":0,"comment_status":"closed","ping_status":"closed","template":"","meta":{"footnotes":""},"class_list":["post-32","page","type-page","status-publish","hentry",null],"_links":{"self":[{"href":"https:\/\/strandurlaub-kolberg.de\/index.php?rest_route=\/wp\/v2\/pages\/32","targetHints":{"allow":["GET"]}}],"collection":[{"href":"https:\/\/strandurlaub-kolberg.de\/index.php?rest_route=\/wp\/v2\/pages"}],"about":[{"href":"https:\/\/strandurlaub-kolberg.de\/index.php?rest_route=\/wp\/v2\/types\/page"}],"author":[{"embeddable":true,"href":"https:\/\/strandurlaub-kolberg.de\/index.php?rest_route=\/wp\/v2\/users\/1"}],"replies":[{"embeddable":true,"href":"https:\/\/strandurlaub-kolberg.de\/index.php?rest_route=%2Fwp%2Fv2%2Fcomments&post=32"}],"version-history":[{"count":8,"href":"https:\/\/strandurlaub-kolberg.de\/index.php?rest_route=\/wp\/v2\/pages\/32\/revisions"}],"predecessor-version":[{"id":623,"href":"https:\/\/strandurlaub-kolberg.de\/index.php?rest_route=\/wp\/v2\/pages\/32\/revisions\/623"}],"wp:attachment":[{"href":"https:\/\/strandurlaub-kolberg.de\/index.php?rest_route=%2Fwp%2Fv2%2Fmedia&parent=32"}],"curies":[{"name":"wp","href":"https:\/\/api.w.org\/{rel}","templated":true}]}}